t is 91 - 8756?
-8665
In base 16, what is 28f0 - 1?
28ef
In base 13, what is -5 - 41ba1?
-41ba6
In base 8, what is 14 - 45436?
-45422
In base 2, what is 10011100001010100 + -101?
10011100001001111
In base 10, what is -5326 - -128?
-5198
In base 16, what is 34 - -429d?
42d1
In base 7, what is 1605316 + -42?
1605244
In base 3, what is -2221001010011 - -20?
-2221001002221
In base 2, what is -1000 + 101011001101?
101011000101
In base 3, what is 2011102111021 - 1?
2011102111020
In base 5, what is 1140 + -1200?
-10
In base 15, what is 2 + -74e?
-74c
In base 13, what is -3 + 58013?
58010
In base 15, what is 9bc2 - -29?
9beb
In base 7, what is 3156265 - -4?
3156302
In base 10, what is -1556 + -14?
-1570
In base 2, what is 1010100100101 + 110101?
1010101011010
In base 5, what is -3 + -120334001?
-120334004
In base 8, what is 2660552 - -3?
2660555
In base 10, what is 363 + -36?
327
In base 4, what is 12 - 2222223232?
-2222223220
In base 7, what is 42314 - 450?
41534
In base 16, what is -4a2175 + -4?
-4a2179
In base 11, what is -32 - 975?
-9a7
In base 4, what is -20323 + 101?
-20222
In base 11, what is -11789 + -1a?
-117a8
In base 14, what is -202 - 95?
-297
In base 10, what is 82093 - 34?
82059
In base 14, what is -6a48 - 3?
-6a4b
In base 9, what is -3422 - -45?
-3366
In base 2, what is 1000010101101110 + -1?
1000010101101101
In base 4, what is -200321 - -11112?
-123203
In base 13, what is -3 + -73224?
-73227
In base 9, what is 24 - -8?
33
In base 13, what is -1 + 3b07a?
3b079
In base 7, what is 505 - 315?
160
In base 11, what is -18630 - -3?
-18628
In base 6, what is -32415 - 32?
-32451
In base 5, what is 2403 + 231312?
234220
In base 15, what is 3b6b + -78?
3ae3
In base 3, what is -20001 - 211022020?
-211112021
In base 5, what is 1332400022 + -10?
1332400012
In base 16, what is 9 - 814?
-80b
In base 3, what is -1021 + -21000112?
-21001210
In base 4, what is -1021 + 33332?
32311
In base 3, what is -12 + 10102001120101?
10102001120012
In base 13, what is 1997c + 5?
19984
In base 13, what is 527a + -22?
5258
In base 7, what is 266 + -1340?
-1041
In base 13, what is 5 - 6535?
-6530
In base 8, what is 4 - -65000?
65004
In base 11, what is -4 - -161170?
161167
In base 8, what is -517502 - -6?
-517474
In base 2, what is -110001100111011 + 101?
-110001100110110
In base 6, what is -120 + -23411?
-23531
In base 6, what is -4 - 24050032?
-24050040
In base 3, what is -2221 - 10120?
-20111
In base 12, what is -2126847 - -5?
-2126842
In base 15, what is -b1 + cd27?
cc66
In base 10, what is -14963 + -6?
-14969
In base 6, what is 1525542 + -12?
1525530
In base 6, what is 5 + -10130113?
-10130104
In base 4, what is -100232 - -132?
-100100
In base 16, what is 51f3 + -1?
51f2
In base 12, what is -2015 - 633?
-2648
In base 15, what is -372 - 2e2?
-664
In base 15, what is a3 + -88?
1a
In base 8, what is 44 + 506606?
506652
In base 11, what is 5 + 2034a9?
203503
In base 5, what is 0 - -20133001?
20133001
In base 10, what is 2 + -332656?
-332654
In base 15, what is -5 + 78389?
78384
In base 13, what is 20 + 1b8a9?
1b8c9
In base 2, what is -100000100000100110 - 1010?
-100000100000110000
In base 10, what is -279 - -302?
23
In base 16, what is -24 + -97?
-bb
In base 8, what is -3312 + 321?
-2771
In base 2, what is -10101101111110 + -10100?
-10101110010010
In base 7, what is 0 - -13444?
13444
In base 5, what is -243 - 142404?
-143202
In base 10, what is -30561 + -84?
-30645
In base 6, what is 3 - -30405?
30412
In base 14, what is 0 - 6241?
-6241
In base 12, what is -1014 - 244?
-1258
In base 9, what is -10043 + 48?
-8884
In base 4, what is -11 + 31202212?
31202201
In base 2, what is -1100010100100000011 - 1000?
-1100010100100001011
In base 11, what is 6a9717 + 3?
6a971a
In base 10, what is 1623 - -1?
1624
In base 5, what is 3020433 - -100?
3021033
In base 14, what is 13 - -11864?
11877
In base 6, what is 33130 + 13?
33143
In base 10, what is 108 - -288?
396
In base 10, what is -6 + -5057?
-5063
In base 8, what is -53634 - 12?
-53646
In base 7, what is 60164225 - -3?
60164231
In base 10, what is 1177 + -3?
1174
In base 9, what is -2255 + -361?
-2626
In base 14, what is 1b + d52?
d6d
In base 16, what is -755 + bf?
-696
In base 15, what is 2 + -1345?
-1343
In base 14, what is 11 + -1a24?
-1a13
In base 4, what is 13202 + -111?
13031
In base 7, what is -42552404 + -1?
-42552405
In base 14, what is -1bd + c?
-1b1
In base 2, what is 1011110 - -1001111?
10101101
In base 12, what is 121546 + 5?
12154b
In base 12, what is 0 + 94905?
94905
In base 13, what is -5 + -94ab6?
-94abb
In base 13, what is -1 + 79a10?
79a0c
In base 9, what is 77 - 1431?
-1343
In base 13, what is -27 - 42c?
-456
In base 10, what is 5 - 24430?
-24425
In base 11, what is -90 + 941?
861
In base 13, what is 6112 - 2?
6110
In base 10, what is -24 + -45263?
-45287
In base 13, what is -4 - 295cb?
-29602
In base 12, what is -27 - 2b36?
-2b61
In base 4, what is 110 + -3202130?
-3202020
In base 5, what is 224012444 + -10?
224012434
In base 13, what is 12 - -13b0a?
13b1c
In base 8, what is -165 - -430?
243
In base 2, what is -111001000 - -11?
-111000101
In base 2, what is -11010 + -100001010000?
-100001101010
In base 12, what is -998 - -26?
-972
In base 6, what is -25025 - -12040?
-12545
In base 7, what is -2324 - 55?
-2412
In base 12, what is -4532 - -1?
-4531
In base 8, what is -141564 + 2?
-141562
In base 6, what is -15 - -254340?
254321
In base 6, what is -10 - 103143?
-103153
In base 10, what is 43011 - 7?
43004
In base 4, what is -1300 + 2101?
201
In base 3, what is 12 - -11202122202?
11202122221
In base 14, what is -11a4 - -1b6?
-dcc
In base 8, what is -16507 + -15?
-16524
In base 11, what is 74 + 10?
84
In base 3, what is 12 - 221012211?
-221012122
In base 7, what is -14 - 123451?
-123465
In base 11, what is 291863 - -3?
291866
In base 16, what is -3744 - 3?
-3747
In base 7, what is -30 - 2633?
-2663
In base 14, what is -1d - 70c?
-72b
In base 6, what is -1 + 445042?
445041
In base 6, what is 1303 - 333?
530
In base 8, what is 13160 + -65?
13073
In base 15, what is 5219d - -5?
521a3
In base 3, what is 212122 - -122?
220021
In base 15, what is 5 - 5c18?
-5c13
In base 5, what is 1003100 - -110?
1003210
In base 2, what is 111000110000100011 - 10000?
111000110000010011
In base 6, what is 10152020 - -4?
10152024
In base 9, what is -1 + -784528?
-784530
In base 6, what is 14 - -311333?
311351
In base 9, what is 2 + 40487?
40500
In base 3, what is 12 + 10110000012?
10110000101
In base 4, what is -32 + -20211111?
-20211203
In base 15, what is -936 + 21?
-915
In base 8, what is 5 + 331555?
331562
In base 11, what is 2 - -13722?
13724
In base 12, what is -2877 + -196?
-2a51
In base 14, what is -1a + -1ba?
-1d6
In base 12, what is 26ab - -121?
2810
In base 12, what is 4 + 5173?
5177
In base 12, what is -511a1 + 22?
-5117b
In base 4, what is -2 - -130122012?
130122010
In base 7, what is -2214011 - 2?
-2214013
In base 2, what is 111000 - -111?
111111
In base 10, what is 55687 - -1?
55688
In base 8, what is 3113646 - 0?
3113646
In base 14, what is 49334 - 7?
4932b
In base 10, what is 4 - 10327?
-10323
In base 8, what is -2323 - -13?
-2310
In base 11, what is 107 + -109?
-2
In base 9, what is -30417 - -1?
-30416
In base 6, what is -1213410 - -3?
-1213403
In base 13, what is -15 + -23cb3?
-23cc8
In base 16, what is -a8d - 78?
-b05
In base 7, what is 3 + -463046?
-463043
In base 15, what is 2aec2 + -c?
2aeb5
In base 14, what is 6b - -487?
514
In base 13, what is 159 + 4?
160
In base 13, what is -4c - 193c?
-198b
In base 12, what is 0 - -664754?
664754
In base 5, what is -11 + 221312?
221301
In base 16, what is 19497 - 6?
19491
In base 2, what is -110 + 110010101010000000?
110010101001111010
In base 7, what is -5 + 14251?
14243
In base 6, what is -543 - 335?
-1322
In base 2, what is -1010001101010010 - 11?
-1010001101010101
In base 8, what is 153 + 11037?
11212
In base 2, what is -100101010000101001 + -10?
-100101010000101011
In base 7, what is 14 + -325243?
-325226
In base 15, what is -5 - 70807?
-7080c
In base 10, what is -42795 + 0?
-42795
In base 4, what is 30 + 2333001?
2333031
In base 14, what is -805 + 424?
-3c1
In base 3, what is 11 + 1012001222?
1012002010
In base 3, what is 21010211 + 102?
21011020
In base 4, what is -1